{"id":471,"date":"2013-11-28T05:22:31","date_gmt":"2013-11-28T05:22:31","guid":{"rendered":"http:\/\/localhost\/paradise-cove\/?page_id=471"},"modified":"2026-03-04T16:06:08","modified_gmt":"2026-03-04T15:06:08","slug":"fiere","status":"publish","type":"page","link":"https:\/\/labulesca.it\/site\/fiere\/","title":{"rendered":"Fiere e mostre"},"content":{"rendered":"<!--themify_builder_content-->\n<div id=\"themify_builder_content-471\" data-postid=\"471\" class=\"themify_builder_content themify_builder_content-471 themify_builder tf_clear\">\n                    <div  data-lazy=\"1\" class=\"module_row themify_builder_row tb_7phg170 tb_first tf_w\">\n                        <div class=\"row_inner col_align_top tb_col_count_1 tf_box tf_rel\">\n                        <div  data-lazy=\"1\" class=\"module_column tb-column col-full tb_nrkn172 first\">\n                    <!-- module text -->\n<div  class=\"module module-text tb_uas5977   \" data-lazy=\"1\">\n        <div  class=\"tb_text_wrap\">\n        <div class=\"ng-tns-c3676213717-29\">\n<p><img loading=\"lazy\" decoding=\"async\" class=\"wp-image-1389 size-full alignleft\" src=\"http:\/\/labulesca.it\/site\/wp-content\/uploads\/2013\/11\/exhibition.jpg\" alt=\"fiere e mostre\" width=\"300\" height=\"97\" \/><\/p>\n<p>\u00a0<\/p>\n<p>L&#8217;Hotel Bulesca \u00e8 situato in posizione strategica per le seguenti fiere.<\/p>\n<p>\u00a0<\/p>\n<h2><a href=\"https:\/\/labulesca.it\/site\/wp-content\/uploads\/2026\/03\/VicenzaOro.png\"><img loading=\"lazy\" decoding=\"async\" class=\"alignnone size-medium wp-image-3053\" src=\"https:\/\/labulesca.it\/site\/wp-content\/uploads\/2026\/03\/VicenzaOro-300x52.png\" alt=\"\" width=\"300\" height=\"52\" srcset=\"https:\/\/labulesca.it\/site\/wp-content\/uploads\/2026\/03\/VicenzaOro-300x52.png 300w, https:\/\/labulesca.it\/site\/wp-content\/uploads\/2026\/03\/VicenzaOro.png 648w\" sizes=\"auto, (max-width: 300px) 100vw, 300px\" \/><\/a><\/h2>\n<p>Vicenzaoro si distingue come la principale mostra internazionale europea di gioielli e oro, ospitata in Italia.<br \/>Spesso soprannominato il &#8220;Boutique Show&#8221;, riunisce marchi di alto livello, designer visionari e attori chiave del settore.<br \/>Questo evento funge da enorme hub globale per la previsione delle tendenze, evidenziando l&#8217;estetica all&#8217;avanguardia e i design freschi.I partecipanti esplorano tutto, dai pezzi di dichiarazione di fascia alta e gemme rare alle tecnologie di produzione rivoluzionarie.Fornisce una piattaforma di networking altamente dinamica in cui i creatori e gli acquirenti mappano il futuro del mercato del lusso.Lo spazio \u00e8 curato in modo intelligente in comunit\u00e0 espositive distinte, semplificando l&#8217;esperienza per gli acquirenti internazionali.Oltre agli splendidi display, il programma \u00e8 ricco di masterclass e discorsi sul lusso e l&#8217;innovazione sostenibili.Si fonde senza soluzione di continuit\u00e0 la leggendaria artigianalit\u00e0 italiana con le esigenze frenetiche e moderne della vendita al dettaglio. L&#8217;atmosfera generale \u00e8 vibrante, fondendo perfettamente il business serio con l&#8217;innegabile eleganza &#8220;Made in Italy&#8221;.In definitiva, Vicenzaoro rimane un must assoluto per chiunque modelli il panorama moderno dei gioielli globali.Vicenzaora sito<\/p>\n<p><a href=\"http:\/\/september.vicenzaoro.com\/\" target=\"_blank\" rel=\"noopener\"><img loading=\"lazy\" decoding=\"async\" class=\"alignnone wp-image-1604\" src=\"http:\/\/labulesca.it\/site\/wp-content\/uploads\/2013\/11\/vicenza-oro-september.png\" alt=\"vicenza-oro-september\" width=\"543\" height=\"63\" srcset=\"https:\/\/labulesca.it\/site\/wp-content\/uploads\/2013\/11\/vicenza-oro-september.png 767w, https:\/\/labulesca.it\/site\/wp-content\/uploads\/2013\/11\/vicenza-oro-september-300x35.png 300w\" sizes=\"auto, (max-width: 543px) 100vw, 543px\" \/><\/a><\/p>\nVicenzaoro September funge da fondamentale raduno di met\u00e0 anno per l&#8217;industria internazionale della gioielleria. Ospitata nella storica citt\u00e0 di Vicenza, funge da piattaforma primaria per la presentazione delle prossime collezioni stagionali. L&#8217;evento colma il divario tra le tendenze estive e l&#8217;attesissimo mercato al dettaglio autunno-inverno. Gli espositori mostrano un ampio spettro di prodotti, che vanno dai raffinati gioielli in oro alle complesse innovazioni orologiere. Acquirenti e rivenditori apprezzano la fiera per il suo approccio curato, concentrandosi su artigianato di alta qualit\u00e0 e variet\u00e0 estetica. Le opportunit\u00e0 di networking sono abbondanti, consentendo ai professionisti di discutere gli sviluppi strategici nel settore del lusso. L&#8217;innovazione nell&#8217;approvvigionamento sostenibile e nella produzione etica rimane un tema centrale per molti marchi partecipanti. Il formato &#8220;Jewellery Boutique Show&#8221; garantisce che i partecipanti possano navigare in modo efficiente nelle diverse sale espositive. Trae interesse globale, rafforzando i legami tra artigiani italiani e reti distributive internazionali. Questa edizione di settembre conferma il suo status di pietra miliare essenziale per le parti interessate che cercano di definire il futuro della vendita al dettaglio di gioielli.<\/div>\n<div class=\"ng-tns-c3676213717-29\"><br \/>\n<p><a href=\"http:\/\/www.autoemotodepoca.com\/?LID=1&amp;lchange=1\"><img loading=\"lazy\" decoding=\"async\" class=\"wp-image-1614 alignleft\" src=\"http:\/\/labulesca.it\/site\/wp-content\/uploads\/2013\/11\/fiera-auto-moto-padova-epoca1.jpg\" alt=\"fiera auto e moto d'epoca, international echibition of old and used car\" width=\"226\" height=\"189\" \/><\/a>Auto e Moto d&#8217;Epoca nasce da un&#8217;idea di Mario Carlo Baccaglini, esperto di marketing, che al termine degli anni 80 ha deciso di rilevare un piccolo evento a Padova e trasformarlo, 30 anni dopo, nel pi\u00f9 grande mercato di auto d&#8217;epoca al mondo (con pi\u00f9 di 4000 auto in vendita), caratterizzato da una presenza di visitatori in crescita anno dopo anno, con una punta nel 2014 di 80.000. Grazie alla sua intuizione e a un team preparato, Il Salone \u00e8 diventato il polo mondiale per tutti gli amanti delle 4 ruote.<br \/><br \/><a href=\"http:\/\/www.autoemotodepoca.com\/?LID=1&amp;lchange=1\" target=\"_blank\" rel=\"noopener\">Sito della Mostra<\/a><\/p>\n<\/div>\n<div class=\"response-content ng-tns-c3731892687-28\">\n<div class=\"container\">\n<div id=\"model-response-message-contentr_668558195d544b4d\" class=\"markdown markdown-main-panel stronger enable-updated-hr-color preserve-whitespaces-in-response\" dir=\"ltr\" aria-live=\"polite\" aria-busy=\"false\">\n<p data-path-to-node=\"0\">A pochi passi da Rubano (circa 8-10 km), il polo fieristico e congressuale di Padova \u00e8 l&#8217;epicentro di eventi di rilievo internazionale. Ecco una selezione dei 10 appuntamenti e mostre pi\u00f9 significativi previsti per il 2026 e la stagione in corso, situati nel raggio richiesto.<\/p>\n<h3 data-path-to-node=\"1\">Fiere Internazionali e di Settore (Padova Hall \/ Fiera di Padova)<\/h3>\n<ol start=\"1\" data-path-to-node=\"2\">\n<li>\n<p data-path-to-node=\"2,0,0\"><b data-path-to-node=\"2,0,0\" data-index-in-node=\"0\">Green Logistics Expo (14\u201316 ottobre 2026):<\/b> Il salone internazionale della logistica sostenibile. \u00c8 un punto di riferimento europeo per l&#8217;intermodalit\u00e0 e le nuove strategie di trasporto green.<\/p>\n<\/li>\n<li>\n<p data-path-to-node=\"2,1,0\"><b data-path-to-node=\"2,1,0\" data-index-in-node=\"0\">Fiera Campionaria (9\u201317 maggio 2026):<\/b> Un evento storico e multisettoriale che attrae oltre 150.000 visitatori, unendo eccellenze artigiane, gastronomia e innovazione da tutto il mondo.<\/p>\n<\/li>\n<li>\n<p data-path-to-node=\"2,2,0\"><b data-path-to-node=\"2,2,0\" data-index-in-node=\"0\">Be Comics! (21\u201322 marzo 2026):<\/b> Il festival internazionale del fumetto, del gioco e della cultura pop, che trasforma i padiglioni della fiera in un hub creativo per appassionati e professionisti del settore.<\/p>\n<\/li>\n<li>\n<p data-path-to-node=\"2,3,0\"><b data-path-to-node=\"2,3,0\" data-index-in-node=\"0\">Fiera del Cicloturismo (27\u201329 marzo 2026):<\/b> Il principale evento in Italia dedicato ai viaggi in bicicletta, con espositori internazionali, destinazioni estere e le ultime novit\u00e0 tecniche per il settore.<\/p>\n<\/li>\n<li>\n<p data-path-to-node=\"2,4,0\"><b data-path-to-node=\"2,4,0\" data-index-in-node=\"0\">Elettromondo (16\u201317 aprile 2026):<\/b> Una fiera altamente qualificata per il settore elettrico e dell&#8217;innovazione tecnologica, fondamentale per il networking B2B nel Nord-Est.<\/p>\n<\/li>\n<li>\n<p data-path-to-node=\"2,5,0\"><b data-path-to-node=\"2,5,0\" data-index-in-node=\"0\">Circular Medical Expo (1\u20132 dicembre 2026):<\/b> Focalizzata sull&#8217;economia circolare applicata al settore medicale, attrae esperti e aziende interessate alla sostenibilit\u00e0 nelle tecnologie sanitarie.<\/p>\n<\/li>\n<li>\n<p data-path-to-node=\"2,6,0\"><b data-path-to-node=\"2,6,0\" data-index-in-node=\"0\">ArtePadova (13\u201316 novembre 2026):<\/b> Una delle mostre-mercato d&#8217;arte contemporanea pi\u00f9 importanti d&#8217;Italia, con gallerie internazionali e opere di altissimo profilo.<\/p>\n<\/li>\n<\/ol>\n<h3 data-path-to-node=\"3\">Grandi Mostre ed Eventi Culturali (Centro Altinate San Gaetano \/ Musei)<\/h3>\n<ol start=\"8\" data-path-to-node=\"4\">\n<li>\n<p data-path-to-node=\"4,0,0\"><b data-path-to-node=\"4,0,0\" data-index-in-node=\"0\">M.C. Escher &#8211; Tutti i capolavori (18 febbraio \u2013 19 luglio 2026):<\/b> Al Centro Altinate San Gaetano (circa 9 km da Rubano), la pi\u00f9 grande retrospettiva mai dedicata al maestro olandese delle prospettive impossibili.<\/p>\n<\/li>\n<li>\n<p data-path-to-node=\"4,1,0\"><b data-path-to-node=\"4,1,0\" data-index-in-node=\"0\">Bibbia Istoriata Padovana (fino al 19 aprile 2026):<\/b> Presso il Museo Diocesano, una mostra evento che celebra il ritorno a Padova di un capolavoro miniato di valore mondiale.<\/p>\n<\/li>\n<li>\n<p data-path-to-node=\"4,2,0\"><b data-path-to-node=\"4,2,0\" data-index-in-node=\"0\">Raccogliere Bellezza &#8211; Collezione Centanini (fino all&#8217;8 marzo 2026):<\/b> Ai Musei Civici agli Eremitani, un&#8217;esposizione di rilievo internazionale dedicata al patrimonio artistico della celebre collezione padovana.<\/p>\n<\/li>\n<\/ol>\n<hr data-path-to-node=\"5\" \/><b data-path-to-node=\"6\" data-index-in-node=\"0\">Informazioni utili per il tuo soggiorno a Rubano:<\/b>\n<ul data-path-to-node=\"7\">\n<li>\n<p data-path-to-node=\"7,0,0\"><b data-path-to-node=\"7,0,0\" data-index-in-node=\"0\">Padova Hall (Fiera di Padova):<\/b> <a class=\"ng-star-inserted\" href=\"https:\/\/padovahall.com\/\" target=\"_blank\" rel=\"noopener\" data-hveid=\"0\" data-ved=\"0CAAQ_4QMahcKEwjh9vDInIOTAxUAAAAAHQAAAAAQWg\">Sito Ufficiale<\/a> &#8211; Via Niccol\u00f2 Tommaseo, 59, Padova.<\/p>\n<\/li>\n<li>\n<p data-path-to-node=\"7,1,0\"><b data-path-to-node=\"7,1,0\" data-index-in-node=\"0\">Centro Congressi Padova Congress:<\/b> Un&#8217;opera architettonica di Kengo Kuma che ospita i principali summit scientifici internazionali (come l&#8217;HES-UIE a settembre 2026).<\/p>\n<\/li>\n<li>\n<p data-path-to-node=\"7,2,0\"><b data-path-to-node=\"7,2,0\" data-index-in-node=\"0\">Trasporti:<\/b> Da Rubano, la fiera e il centro di Padova sono facilmente raggiungibili in circa 15-20 minuti d&#8217;auto o tramite le linee di autobus extraurbano.<\/p>\n<\/li>\n<\/ul>\n<\/div>\n<\/div>\n<\/div>    <\/div>\n<\/div>\n<!-- \/module text -->        <\/div>\n                        <\/div>\n        <\/div>\n        <\/div>\n<!--\/themify_builder_content-->","protected":false},"excerpt":{"rendered":"<p>\u00a0 L&#8217;Hotel Bulesca \u00e8 situato in posizione strategica per le seguenti fiere. \u00a0 Vicenzaoro si distingue come la principale mostra internazionale europea di gioielli e oro, ospitata in Italia.Spesso soprannominato il &#8220;Boutique Show&#8221;, riunisce marchi di alto livello, designer visionari e attori chiave del settore.Questo evento funge da enorme hub globale per la previsione delle [&hellip;]<\/p>\n","protected":false},"author":1,"featured_media":0,"parent":0,"menu_order":0,"comment_status":"closed","ping_status":"open","template":"","meta":{"footnotes":""},"class_list":["post-471","page","type-page","status-publish","hentry","has-post-title","has-post-date","has-post-category","has-post-tag","has-post-comment","has-post-author",""],"builder_content":"<p><img loading=\"lazy\" decoding=\"async\" src=\"http:\/\/labulesca.it\/site\/wp-content\/uploads\/2013\/11\/exhibition.jpg\" alt=\"fiere e mostre\" width=\"300\" height=\"97\" \/><\/p> <p>\u00a0<\/p> <p>L'Hotel Bulesca \u00e8 situato in posizione strategica per le seguenti fiere.<\/p> <p>\u00a0<\/p> <h2><a href=\"https:\/\/labulesca.it\/site\/wp-content\/uploads\/2026\/03\/VicenzaOro.png\"><img loading=\"lazy\" decoding=\"async\" src=\"https:\/\/labulesca.it\/site\/wp-content\/uploads\/2026\/03\/VicenzaOro-300x52.png\" alt=\"\" width=\"300\" height=\"52\" srcset=\"https:\/\/labulesca.it\/site\/wp-content\/uploads\/2026\/03\/VicenzaOro-300x52.png 300w, https:\/\/labulesca.it\/site\/wp-content\/uploads\/2026\/03\/VicenzaOro.png 648w\" sizes=\"auto, (max-width: 300px) 100vw, 300px\" \/><\/a><\/h2> <p>Vicenzaoro si distingue come la principale mostra internazionale europea di gioielli e oro, ospitata in Italia.<br \/>Spesso soprannominato il \"Boutique Show\", riunisce marchi di alto livello, designer visionari e attori chiave del settore.<br \/>Questo evento funge da enorme hub globale per la previsione delle tendenze, evidenziando l'estetica all'avanguardia e i design freschi.I partecipanti esplorano tutto, dai pezzi di dichiarazione di fascia alta e gemme rare alle tecnologie di produzione rivoluzionarie.Fornisce una piattaforma di networking altamente dinamica in cui i creatori e gli acquirenti mappano il futuro del mercato del lusso.Lo spazio \u00e8 curato in modo intelligente in comunit\u00e0 espositive distinte, semplificando l'esperienza per gli acquirenti internazionali.Oltre agli splendidi display, il programma \u00e8 ricco di masterclass e discorsi sul lusso e l'innovazione sostenibili.Si fonde senza soluzione di continuit\u00e0 la leggendaria artigianalit\u00e0 italiana con le esigenze frenetiche e moderne della vendita al dettaglio. L'atmosfera generale \u00e8 vibrante, fondendo perfettamente il business serio con l'innegabile eleganza \"Made in Italy\".In definitiva, Vicenzaoro rimane un must assoluto per chiunque modelli il panorama moderno dei gioielli globali.Vicenzaora sito<\/p> <p><a href=\"http:\/\/september.vicenzaoro.com\/\" target=\"_blank\" rel=\"noopener\"><img loading=\"lazy\" decoding=\"async\" src=\"http:\/\/labulesca.it\/site\/wp-content\/uploads\/2013\/11\/vicenza-oro-september.png\" alt=\"vicenza-oro-september\" width=\"543\" height=\"63\" srcset=\"https:\/\/labulesca.it\/site\/wp-content\/uploads\/2013\/11\/vicenza-oro-september.png 767w, https:\/\/labulesca.it\/site\/wp-content\/uploads\/2013\/11\/vicenza-oro-september-300x35.png 300w\" sizes=\"auto, (max-width: 543px) 100vw, 543px\" \/><\/a><\/p> Vicenzaoro September funge da fondamentale raduno di met\u00e0 anno per l'industria internazionale della gioielleria. Ospitata nella storica citt\u00e0 di Vicenza, funge da piattaforma primaria per la presentazione delle prossime collezioni stagionali. L'evento colma il divario tra le tendenze estive e l'attesissimo mercato al dettaglio autunno-inverno. Gli espositori mostrano un ampio spettro di prodotti, che vanno dai raffinati gioielli in oro alle complesse innovazioni orologiere. Acquirenti e rivenditori apprezzano la fiera per il suo approccio curato, concentrandosi su artigianato di alta qualit\u00e0 e variet\u00e0 estetica. Le opportunit\u00e0 di networking sono abbondanti, consentendo ai professionisti di discutere gli sviluppi strategici nel settore del lusso. L'innovazione nell'approvvigionamento sostenibile e nella produzione etica rimane un tema centrale per molti marchi partecipanti. Il formato \"Jewellery Boutique Show\" garantisce che i partecipanti possano navigare in modo efficiente nelle diverse sale espositive. Trae interesse globale, rafforzando i legami tra artigiani italiani e reti distributive internazionali. Questa edizione di settembre conferma il suo status di pietra miliare essenziale per le parti interessate che cercano di definire il futuro della vendita al dettaglio di gioielli. <br \/> <p><a href=\"http:\/\/www.autoemotodepoca.com\/?LID=1&amp;lchange=1\"><img loading=\"lazy\" decoding=\"async\" src=\"http:\/\/labulesca.it\/site\/wp-content\/uploads\/2013\/11\/fiera-auto-moto-padova-epoca1.jpg\" alt=\"fiera auto e moto d'epoca, international echibition of old and used car\" width=\"226\" height=\"189\" \/><\/a>Auto e Moto d'Epoca nasce da un'idea di Mario Carlo Baccaglini, esperto di marketing, che al termine degli anni 80 ha deciso di rilevare un piccolo evento a Padova e trasformarlo, 30 anni dopo, nel pi\u00f9 grande mercato di auto d'epoca al mondo (con pi\u00f9 di 4000 auto in vendita), caratterizzato da una presenza di visitatori in crescita anno dopo anno, con una punta nel 2014 di 80.000. Grazie alla sua intuizione e a un team preparato, Il Salone \u00e8 diventato il polo mondiale per tutti gli amanti delle 4 ruote.<br \/><br \/><a href=\"http:\/\/www.autoemotodepoca.com\/?LID=1&amp;lchange=1\" target=\"_blank\" rel=\"noopener\">Sito della Mostra<\/a><\/p>\n<p data-path-to-node=\"0\">A pochi passi da Rubano (circa 8-10 km), il polo fieristico e congressuale di Padova \u00e8 l'epicentro di eventi di rilievo internazionale. Ecco una selezione dei 10 appuntamenti e mostre pi\u00f9 significativi previsti per il 2026 e la stagione in corso, situati nel raggio richiesto.<\/p> <h3 data-path-to-node=\"1\">Fiere Internazionali e di Settore (Padova Hall \/ Fiera di Padova)<\/h3> <ol start=\"1\" data-path-to-node=\"2\"> <li> <p data-path-to-node=\"2,0,0\"><b data-path-to-node=\"2,0,0\" data-index-in-node=\"0\">Green Logistics Expo (14\u201316 ottobre 2026):<\/b> Il salone internazionale della logistica sostenibile. \u00c8 un punto di riferimento europeo per l'intermodalit\u00e0 e le nuove strategie di trasporto green.<\/p> <\/li> <li> <p data-path-to-node=\"2,1,0\"><b data-path-to-node=\"2,1,0\" data-index-in-node=\"0\">Fiera Campionaria (9\u201317 maggio 2026):<\/b> Un evento storico e multisettoriale che attrae oltre 150.000 visitatori, unendo eccellenze artigiane, gastronomia e innovazione da tutto il mondo.<\/p> <\/li> <li> <p data-path-to-node=\"2,2,0\"><b data-path-to-node=\"2,2,0\" data-index-in-node=\"0\">Be Comics! (21\u201322 marzo 2026):<\/b> Il festival internazionale del fumetto, del gioco e della cultura pop, che trasforma i padiglioni della fiera in un hub creativo per appassionati e professionisti del settore.<\/p> <\/li> <li> <p data-path-to-node=\"2,3,0\"><b data-path-to-node=\"2,3,0\" data-index-in-node=\"0\">Fiera del Cicloturismo (27\u201329 marzo 2026):<\/b> Il principale evento in Italia dedicato ai viaggi in bicicletta, con espositori internazionali, destinazioni estere e le ultime novit\u00e0 tecniche per il settore.<\/p> <\/li> <li> <p data-path-to-node=\"2,4,0\"><b data-path-to-node=\"2,4,0\" data-index-in-node=\"0\">Elettromondo (16\u201317 aprile 2026):<\/b> Una fiera altamente qualificata per il settore elettrico e dell'innovazione tecnologica, fondamentale per il networking B2B nel Nord-Est.<\/p> <\/li> <li> <p data-path-to-node=\"2,5,0\"><b data-path-to-node=\"2,5,0\" data-index-in-node=\"0\">Circular Medical Expo (1\u20132 dicembre 2026):<\/b> Focalizzata sull'economia circolare applicata al settore medicale, attrae esperti e aziende interessate alla sostenibilit\u00e0 nelle tecnologie sanitarie.<\/p> <\/li> <li> <p data-path-to-node=\"2,6,0\"><b data-path-to-node=\"2,6,0\" data-index-in-node=\"0\">ArtePadova (13\u201316 novembre 2026):<\/b> Una delle mostre-mercato d'arte contemporanea pi\u00f9 importanti d'Italia, con gallerie internazionali e opere di altissimo profilo.<\/p> <\/li> <\/ol> <h3 data-path-to-node=\"3\">Grandi Mostre ed Eventi Culturali (Centro Altinate San Gaetano \/ Musei)<\/h3> <ol start=\"8\" data-path-to-node=\"4\"> <li> <p data-path-to-node=\"4,0,0\"><b data-path-to-node=\"4,0,0\" data-index-in-node=\"0\">M.C. Escher - Tutti i capolavori (18 febbraio \u2013 19 luglio 2026):<\/b> Al Centro Altinate San Gaetano (circa 9 km da Rubano), la pi\u00f9 grande retrospettiva mai dedicata al maestro olandese delle prospettive impossibili.<\/p> <\/li> <li> <p data-path-to-node=\"4,1,0\"><b data-path-to-node=\"4,1,0\" data-index-in-node=\"0\">Bibbia Istoriata Padovana (fino al 19 aprile 2026):<\/b> Presso il Museo Diocesano, una mostra evento che celebra il ritorno a Padova di un capolavoro miniato di valore mondiale.<\/p> <\/li> <li> <p data-path-to-node=\"4,2,0\"><b data-path-to-node=\"4,2,0\" data-index-in-node=\"0\">Raccogliere Bellezza - Collezione Centanini (fino all'8 marzo 2026):<\/b> Ai Musei Civici agli Eremitani, un'esposizione di rilievo internazionale dedicata al patrimonio artistico della celebre collezione padovana.<\/p> <\/li> <\/ol> <hr data-path-to-node=\"5\" \/><b data-path-to-node=\"6\" data-index-in-node=\"0\">Informazioni utili per il tuo soggiorno a Rubano:<\/b> <ul data-path-to-node=\"7\"> <li> <p data-path-to-node=\"7,0,0\"><b data-path-to-node=\"7,0,0\" data-index-in-node=\"0\">Padova Hall (Fiera di Padova):<\/b> <a href=\"https:\/\/padovahall.com\/\" target=\"_blank\" rel=\"noopener\" data-hveid=\"0\" data-ved=\"0CAAQ_4QMahcKEwjh9vDInIOTAxUAAAAAHQAAAAAQWg\">Sito Ufficiale<\/a> - Via Niccol\u00f2 Tommaseo, 59, Padova.<\/p> <\/li> <li> <p data-path-to-node=\"7,1,0\"><b data-path-to-node=\"7,1,0\" data-index-in-node=\"0\">Centro Congressi Padova Congress:<\/b> Un'opera architettonica di Kengo Kuma che ospita i principali summit scientifici internazionali (come l'HES-UIE a settembre 2026).<\/p> <\/li> <li> <p data-path-to-node=\"7,2,0\"><b data-path-to-node=\"7,2,0\" data-index-in-node=\"0\">Trasporti:<\/b> Da Rubano, la fiera e il centro di Padova sono facilmente raggiungibili in circa 15-20 minuti d'auto o tramite le linee di autobus extraurbano.<\/p> <\/li> <\/ul>","_links":{"self":[{"href":"https:\/\/labulesca.it\/site\/wp-json\/wp\/v2\/pages\/471","targetHints":{"allow":["GET"]}}],"collection":[{"href":"https:\/\/labulesca.it\/site\/wp-json\/wp\/v2\/pages"}],"about":[{"href":"https:\/\/labulesca.it\/site\/wp-json\/wp\/v2\/types\/page"}],"author":[{"embeddable":true,"href":"https:\/\/labulesca.it\/site\/wp-json\/wp\/v2\/users\/1"}],"replies":[{"embeddable":true,"href":"https:\/\/labulesca.it\/site\/wp-json\/wp\/v2\/comments?post=471"}],"version-history":[{"count":124,"href":"https:\/\/labulesca.it\/site\/wp-json\/wp\/v2\/pages\/471\/revisions"}],"predecessor-version":[{"id":3262,"href":"https:\/\/labulesca.it\/site\/wp-json\/wp\/v2\/pages\/471\/revisions\/3262"}],"wp:attachment":[{"href":"https:\/\/labulesca.it\/site\/wp-json\/wp\/v2\/media?parent=471"}],"curies":[{"name":"wp","href":"https:\/\/api.w.org\/{rel}","templated":true}]}}